n?
2, 3, 5
Let m(c) = c + 2. Let j be m(-2). Suppose -5*u + 3*s - 32 + 147 = j, 0 = -s - 5. List the prime factors of u.
2, 5
Suppose 0 = -12*d + 14*d. Suppose d*l = -5*j + 5*l + 135, 2*j - 3*l = 52. List the prime factors of j.
29
Suppose f - 4*v + 2 = -2*v, -5*f + 8 = -v. List the prime factors of ((-30)/f)/(-3)*11.
5, 11
Suppose 3 = 2*j - 1. Suppose 4*u + j*r - 28 = -0*r, 0 = -3*u + r + 16. List the prime factors of u.
2, 3
Suppose -2*v + 10 = 4. Suppose 4*g - 4*r + 4 = 0, v*r + 3 + 2 = -g. List the prime factors of -1 - g - (-2 - 9).
2, 3
Let x(y) = -y**2 + 9*y - 10. Let v be x(8). What are the prime factors of ((-20)/25)/(v/10)?
2
Let s(n) = 14*n - 2. What are the prime factors of s(3)?
2, 5
Suppose -b = -0*b. Suppose 4*u = 8, b = -2*h + 3*u + 2*u - 6. List the prime factors of 88/14 + h/(-7).
2, 3
Let d(j) be the first derivative of -j**2 - j + 3. Let i be d(-3). Let o = i - 2. What are the prime factors of o?
3
Let b be -1 - 0 - 186/2. Let i = -8 - -15. List the prime factors of b/(-14) + 2/i.
7
Let v(h) = -h**3 + h + 105. What are the prime factors of v(0)?
3, 5, 7
Let d(z) = 36*z**2 + 9*z + 3. Let c(x) = -18*x**2 - 5*x - 2. Let t(h) = 5*c(h) + 3*d(h). What are the prime factors of t(1)?
19
Suppose -4*k + 85 = 5*w - 9*k, 2*w - 5*k - 19 = 0. Let c be 2/((-1)/4*1). Let z = c + w. What are the prime factors of z?
2, 7
Let b(l) = -2*l - 17. Let i be b(-7). Let r = 2 - i. List the prime factors of r.
5
List the prime factors of 112/6 - (-2)/6.
19
Suppose -5*v + 4*g = -860, 4*g + 82 = v - 74. List the prime factors of v.
2, 11
Let n(i) = -188*i**3 - i**2 + 2*i + 2. List the prime factors of n(-1).
11, 17
Suppose 2*k + 4 = 4*k. Suppose -k*t = 5 + 3. Let m = t - -14. What are the prime factors of m?
2, 5
Suppose a - 2*h = 7, 2*a + a + 12 = -5*h. Let c(x) be the third derivative of x**6/40 + x**3/6 - 15*x**2. What are the prime factors of c(a)?
2
Let k(l) = l**2 + 9*l + 1. Let q be k(-7). Let j(c) = c + 18. List the prime factors of j(q).
5
Let z(p) = -p - 1. Let m(x) = -6*x - 1. Let w(a) = m(a) - 5*z(a). Let h be w(-4). Let b = h + -3. What are the prime factors of b?
5
Let j(z) = 3*z**3 - 3*z**2 - 4*z. Let w be j(-3). Let o be (-6)/9 - w/9. Let b = o - 4. List the prime factors of b.
2, 3
Let q(z) be the second derivative of 1/4*z**4 + 2/3*z**3 - 3*z + 0 + 3/2*z**2. What are the prime factors of q(-2)?
7
Suppose 10*s - 9*s + 62 = 0. Let b = -44 - s. What are the prime factors of b?
2, 3
Let l be 5/(-2) + (-6)/4. Let v = l - -37. What are the prime factors of v?
3, 11
Suppose 3*d = 15, -3*x - 2*d - 4 = -2*x. Let s = x - -4. Let g = s + 20. List the prime factors of g.
2, 5
Suppose 3*f = 2*c + 4*f + 5, -14 = 5*c + f. What are the prime factors of 1*48/(-9)*c?
2
Suppose -2*f + 5*t - 240 = -5*f, -160 = -2*f - 4*t. List the prime factors of f.
2, 5
Suppose 0 = -3*f - 12, -11*f - 372 = -4*r - 8*f. What are the prime factors of r?
2, 3, 5
Suppose 3*g + 5 - 65 = 0. Suppose -2*y = 2*y - g. What are the prime factors of y?
5
Let c(o) be the second derivative of 1/2*o**2 - 3*o + 0 + 1/3*o**3. List the prime factors of c(3).
7
List the prime factors of -1 + (12/(-4))/(3/(-82)).
3
Let p = 26 + -28. List the prime factors of (0 - p)/(2/45).
3, 5
Let x = 9 - 6. Suppose 0 = 3*f + 5*q - 3*q - 65, -69 = -x*f - 3*q. List the prime factors of f.
19
Let k(g) = -6*g**3 + g**2 + g. What are the prime factors of k(-1)?
2, 3
Let m = 44 - 16. Suppose -m = x + 3*x. Let p = x + 17. List the prime factors of p.
2, 5
Let g(u) = u - 4. Let b be g(7). Suppose b*w + w = 16. Suppose w*j + 0*j - 24 = 0. List the prime factors of j.
2, 3
Suppose 0*g - 24 = -3*g - 4*i, 5*g = 2*i + 14. Let k be (0 - -4)*10 - 2. Suppose k = -m + 3*m - t, 0 = -2*m + g*t + 32. What are the prime factors of m?
2, 5
Suppose -74 - 81 = -5*k. List the prime factors of k.
31
Suppose 0 = -g + 2 + 16. List the prime factors of 170/6 - (-12)/g.
29
Let s be (-210)/24*(-1 - 3). Let t = 60 - s. List the prime factors of t.
5
Suppose i = 2*y + 3*y + 149, 5*y - 25 = 0. What are the prime factors of i?
2, 3, 29
Let v = -16 - -18. Suppose -a = v*a - 21. List the prime factors of a.
7
Suppose 3*q = -0*q. Suppose q = -m + 2*m - 8. List the prime factors of m.
2
Let q be -4*2 + 2 + -3. Let y(v) = 5*v**2 - v**3 - 11 - 2*v + 2*v**3 + 4*v**2. What are the prime factors of y(q)?
7
Suppose 2*c - 2*j = 0, 0*c + c + 3*j = 0. Suppose c*h - 2*h - 3*z = -9, -z = -1. Suppose 2*r + m - 4 - h = 0, 28 = 5*r - m. What are the prime factors of r?
5
Let r = -152 - -295. List the prime factors of r.
11, 13
Suppose 400 = 5*t + 2*x, -t = -0*t - x - 87. Suppose 0 = -5*v - 2 + t. List the prime factors of v.
2
Let w(i) = -i**2 + 6*i - 1. Let b be w(5). Let v be 22/(-6) - (-4)/(-12). List the prime factors of b/8 - 26/v.
7
Suppose -5*y = -2*w + 38, -5*w + 0*y - 4*y + 161 = 0. List the prime factors of w.
29
Let d = -1 + 1. Let v = -6 + 8. Suppose v*p + d*p - 8 = 0. What are the prime factors of p?
2
Let b = 32 - 18. What are the prime factors of b?
2, 7
Let b = 237 + -119. List the prime factors of b.
2, 59
Suppose -2*q = -19 - 51. What are the prime factors of 1/2*(3 + q)?
19
Let j be 3/2*(6 + 2). Suppose -j = f - 5*f. List the prime factors of f.
3
Suppose 9*u - 4*u - 1218 = -4*d, -u - 4*d + 234 = 0. What are the prime factors of u?
2, 3, 41
Suppose -r + 26 = 5*u, -10 + 46 = 4*u - 3*r. Suppose u + 0 = 3*g. What are the prime factors of -14*g/(-4) + 3?
2, 5
Suppose 0 = 5*o + 15, -3*a + o = -29 - 127. List the prime factors of a.
3, 17
Suppose -2*y + 22 = -2*l, 3*y - l + 0 = 23. List the prime factors of y/(-3) - 1*-8.
2, 3
List the prime factors of (-2)/(180/(-44) - -4).
2, 11
Suppose 5*f = -3*q, -8 = 3*f + 1. List the prime factors of q.
5
Let y(g) = -g**3 - 4*g**2 + 8*g + 6. Let n be y(-5). Let m = -7 - -2. Let k = m - n. What are the prime factors of k?
2
Let s be (15/9)/((-2)/6). Suppose 5*j + 12 = 4*q, 5*q - 15 = 2*j - 0*j. Let r = q - s. What are the prime factors of r?
2
Let h be (9/(-6))/(9/(-30)). Suppose -h*d = -7*d + 4. What are the prime factors of d?
2
Suppose -14 = -5*s - 34. Let p = s - -9. What are the prime factors of p?
5
Let i(m) = -49*m - 6. What are the prime factors of i(-2)?
2, 23
Let v = -296 - -583. List the prime factors of v.
7, 41
Let h(f) = f**3 + 2*f**2 - 9*f + 11. What are the prime factors of h(5)?
3, 47
Suppose 0 = -5*b - 4*u + 36, 5 = -2*u + 3. Suppose -2*j = 2*m - 10, b*m - 3*m + j - 37 = 0. List the prime factors of m.
2
Let t(h) = h. Let y be (-3)/(18/4)*-3. Suppose 0 = -3*m - 3*l - y*l + 20, -2*m = 3*l - 14. What are the prime factors of t(m)?
2, 5
Suppose -18 = -4*h + 2. Let s = 8 - h. Suppose v - 17 = 5*j, v - 49 = -s*v + j. What are the prime factors of v?
2, 3
What are the prime factors of (-22)/(1/(-4)*2)?
2, 11
Let c be ((-3)/6)/((-2)/(-8)). List the prime factors of (c + -5)*(-7)/1.
7
Suppose -4*a = 2*m - 40, -10 = -a - m + 2. Suppose 0 = -10*u + a*u + 6. List the prime factors of u.
3
Let u = 68 - 25. Suppose q - u = -n, -4*n + 11 = q - 29. List the prime factors of q.
2, 11
Let j be 4*(27/(-6))/(-3). Suppose 2*t - j - 4 = 0. Suppose -3*b + 5*b + 40 = 2*x, -b = t*x - 94. List the prime factors of x.
19
Suppose -x - 48 = -3*w - 3*x, 0 = -w - 4*x + 26. Let s(z) = 3*z**2. Let n be s(-1). Suppose -n*t - 2 = -w. What are the prime factors of t?
2
Let g = -69 + 123. What are the prime factors of g?
2, 3
Let n(k) = 10*k + 2. List the prime factors of n(1).
2, 3
Suppose -5*k + 31 = 5*p - p, -k = -2*p + 5. Let j = 4 - -1. Suppose -10 = -j*w + k*w. List the prime factors of w.
5
Let y(u) = 23*u**3 - 7*u**2 - 4*u - 5. Let c(m) = -m**3 - m**2 - m - 1. Let r(i) = -5*c(i) + y(i). List the prime factors of r(1).
3
Suppose -3*d - 5 + 14 = 0, 5*d - 9 = 2*f. Suppose -f*p + 34 = -47. Suppose 3*u + 0*u = p. What are the prime factors of u?
3
Suppose 38 = -4*v + 6. Let l(c) = 11 + 0 + 8*c**2 + 4*c**3 - 3*c**3. List the prime factors of l(v).
11
Suppose 5*n = 9*n - 12. Suppose -n*s + 69 + 78 = 0. List the prime factors of s.
7
Let n(i) = 7*i**2 + i. Suppose 3*m - 8 = -m. Let p = m - 3. List the prime factors of n(p).
2, 3
Suppose -2*m + 13 = 3. Let l = m + -3. Let z(b) = 2*b - 1. List the prime factors of z(l).
3
Suppose 5*c = 34 + 6. Let n = 12 - c. What are the prime factors of n?
2
Let v be (-136)/(-3) - 2/